9
Suppose 16 = t - 0*t. Let r = 15 - t. Let z be 1 + (r - 3) + 2. Let w(u) = 12*u**2 + u. Determine w(z).
11
Let r(w) = -10*w + 27. Suppose 29*x - 24*x - 5 = 5. Calculate r(x).
7
Let z(j) be the second derivative of -j**5/20 + 11*j**4/6 - 25*j**3/6 + 45*j**2/2 + 65*j - 9. Give z(21).
-39
Suppose 9*q = -0*q. Let i be 5 + -5 - (q/(-3) - 0). Let d(x) = 2*x + i*x + 4 + 2*x - 3. Calculate d(5).
21
Let a = -483 + 489. Let w(h) = 3*h - 19*h**3 - 2*h**3 + 7*h**2 - h**2 + 20*h**3 + a + 4*h. Determine w(7).
6
Let v(p) be the second derivative of p**4/12 + p**3/6 + 41*p**2/2 - 1530*p. What is v(0)?
41
Let b(i) be the third derivative of -i**8/20160 - i**7/1680 + i**6/80 - 17*i**5/30 - 155*i**2. Let f(u) be the third derivative of b(u). Give f(-5).
-1
Suppose 7*s - 4*x = 3*s - 4, 0 = -5*x + 15. Let b(p) = 3*p - 2 - 2*p + s*p - 4*p. Let i be (-25 + 21 - 0)*1. Calculate b(i).
2
Suppose d = -5 - 2. Let q(i) be the third derivative of i**5/60 + 7*i**4/24 - i**3/2 - 89*i**2. What is q(d)?
-3
Let d(m) be the third derivative of -35*m**4/24 + 277*m**3/6 - 46*m**2 + 15*m. Give d(8).
-3
Let n(p) = p**3 - 5*p**2 - 8*p + 7. Let a = 833 - 1694. Let l be a/6 - (-6)/(-12). Let d = -138 - l. Give n(d).
-5
Let l(p) = 18 - 3 + p - 3. Suppose 0 = -4*v - 6*v + 10. Suppose 2*s + 20 = -a, -5*a + 5*s - 24 = v. Determine l(a).
2
Let w = 135 + -133. Let q(b) = -b**w - 50*b - 8*b**2 + 49*b. What is q(1)?
-10
Let k(m) be the first derivative of -m**6/360 - m**5/40 + 5*m**4/24 - 10*m**3/3 - 130. Let b(r) be the third derivative of k(r). What is b(5)?
-35
Let f(r) = 8*r + 36. Let h be f(-4). Suppose 0 = -11*i - h*i + 165. Let q(j) = j - 14. What is q(i)?
-3
Let i(r) = -r**2 + r**3 + 3*r**2 + 2*r**2 + 2 - r. Let q(c) = c**2 + 53*c - 362. Let k be q(-66). Suppose 0 = 489*m - k*m - 35. Give i(m).
-18
Let z(s) = -17*s**2 - 5*s - 819. Let i(p) = 3*p**2 + p + 164. Let a(x) = 11*i(x) + 2*z(x). Let l(r) be the first derivative of a(r). Calculate l(4).
-7
Suppose -17*h + 5*b + 14 = -16*h, 1 = -b. Let a(m) = m**2 - 10*m + 19. Give a(h).
10
Let h(x) = -x**3 + 11*x**2 - 9*x - 2. Let d be h(10). Let f = 3 - d. Let k(p) be the first derivative of p**2 - 1. What is k(f)?
-10
Let y(t) = 2*t**2 - 17*t - 20. Let n(z) = 5*z**2 - 192*z - 394. Let m be n(-2). Give y(m).
10
Let j(b) be the first derivative of -3*b**2/2 + 15*b - 1909. Determine j(4).
3
Let r(v) = -v**2 + v + 2. Let s be 465/60 - 1/(-4). Suppose s = 5*y - 3*y. Suppose -y*u + 8*u = -5*z - 2, z + u = -1. What is r(z)?
0
Let x(u) = -83*u**2 - 47 + 84*u**2 + 21*u - 35*u. Calculate x(17).
4
Let u(m) = -10*m - 79. Let x(o) = -28*o - 230. Let b(q) = 8*u(q) - 3*x(q). Determine b(-17).
-10
Let u be (3 - -4)/(122/(-488)). Let i(r) = -2*r - 7. Calculate i(u).
49
Let k be (-2025)/(-540) - 3/(-12). Let b(r) = -3*r**3 + 11*r**2 + 8*r. Calculate b(k).
16
Let h(a) = 2*a**3 - a**2 - 4*a - 1. Let b be h(-3). Let u be 3/6*(-200)/25 + 17*-3. Let y = b - u. Let k(g) = -g**2 + g - 3. Give k(y).
-9
Let i(x) = 1. Let h(v) = -2*v - 6. Let u(p) = -h(p) - 2*i(p). Suppose -4*o = 5*d - 8*o - 53, -4*d + 3*o + 41 = 0. Give u(d).
14
Let d(x) = -x**2 - x. Let a(i) be the third derivative of i**5/20 - i**4/4 + i**3/2 + 3*i**2 - 5*i. Let l(m) = a(m) + 4*d(m). What is l(-7)?
24
Let t(p) be the third derivative of -p**6/120 + 11*p**5/60 - p**4/2 + 7*p**3/3 + 4*p**2 - 1. Suppose 15*u + 150 = 30*u. Calculate t(u).
-6
Suppose -81 + 83 = -g. Let c(w) = w. Let p(s) = 7*s + 2. Let a(i) = 5*c(i) + p(i). What is a(g)?
-22
Let y(a) = -21*a**2 - a - 16*a**2 + 48*a**2 - 12*a**2 - a + 16. What is y(-7)?
-19
Suppose -3*v + 2*i + 26 = -3*i, 0 = -3*v - 2*i - 2. Let k(d) = -3*d - 5*d**v - d + 2*d**2 - d**3 + 1 + 8*d**2. What is k(3)?
7
Let v(s) be the second derivative of s**5/20 - 7*s**4/12 + 11*s**3/6 - 15*s**2/2 + 20*s - 11. Determine v(7).
62
Let u be (-2)/4 - (-30)/(-4). Let a = 5 + u. Let i(z) = 7*z - 16. Let t(f) = -11*f + 26. Let n(x) = -3*i(x) - 2*t(x). Calculate n(a).
-7
Let n(x) = -x**2 - x - 1. Let s(p) = -3 - 5 + 4*p**2 - 62*p + 58*p. Let l(a) = -3*a - 12. Let i be l(-5). Let h(b) = i*n(b) + s(b). What is h(9)?
7
Let s(r) = -r**3 + 5*r**2 + 5*r + 1. Let l be -5*(2 + (-2)/(-2)). Let t be (-5)/1*9/l. Suppose -t*o + 13 = -5. What is s(o)?
-5
Let w be 0 - 1 - 3/1. Let i be 30/w*8/(-10). Let c(a) be the first derivative of a**3/3 - 7*a**2/2 - 6*a - 79856. Determine c(i).
-12
Let x(h) = -h**3 - 15*h**2 + 16*h + 5. Let v be x(-16). Suppose f + 3*f = 3*k - 13, -4*f - v*k - 21 = 0. Let t(i) = 2*i**2 + 3*i - 4. What is t(f)?
16
Let t(i) be the third derivative of 0 + 21*i**2 + 1/12*i**4 - i**3 + 0*i. Let b = 102 - 96. Determine t(b).
6
Suppose -44*a + 40 + 4 = 0. Let h be (-1 - -3)*a/(-2)*6. Let g(i) = -i**3 - 8*i**2 - 8*i - 3. What is g(h)?
-27
Let f(y) = -3*y**3 - y - 2. Let o(d) = 5*d + 29. Let h be o(-5). Suppose -5*c - 3*u + 5 = 2*u, -c - h*u - 2 = 0. Calculate f(c).
-28
Let k(s) = -3*s**3 - 21*s**2 + 6*s - 65. Let g(z) = -z**3 - 10*z**2 + 3*z - 32. Let p(f) = 5*g(f) - 2*k(f). Let t be p(8). Let w(v) = v**2 + 4*v - 3. Give w(t).
9
Let g(t) = -3*t + 3 - t**2 - t + t**2 - t**2. Let x(j) = j**3 - 13*j**2 - 68*j - 4. Let q be x(17). Calculate g(q).
3
Let v be -3 + 301/63 + (-6)/(-27). Let h be (30*1/3)/v. Let w(q) = -4*q + 5. Calculate w(h).
-15
Let f(i) = -14*i**2 - i - 14. Let d(s) = -16*s**2 - 4*s - 16. Let o(p) = -6*d(p) + 7*f(p). Determine o(9).
-11
Let p(r) = r**3 + 6*r**2 + r - 7. Let h be (-1)/((-1)/(1 + -4 - -5)). Let c be (-285)/55 - h*5/(-55). Calculate p(c).
13
Let r be 2/2 + 296 - (62 + -66). Let c(d) = 149*d + 8*d**2 + 151*d - r*d. What is c(1)?
7
Let b(m) = 2*m**2 - 119*m + 56. Let w be b(59). Let x(g) be the third derivative of -g**5/60 + g**4/12 + g**3/3 - 3*g**2. Calculate x(w).
-13
Let o(i) = -i**2 - 13*i + 10. Let k(y) = -15*y**3 - 3*y**2 + 19*y - 16. Let q be k(1). Determine o(q).
-20
Let o(m) = -m**3 + 11*m**2 - 9*m - 4. Let s be 4/12*1*45/(-3). Let u be (-4)/((-16)/20) - s. Calculate o(u).
6
Let y(p) be the first derivative of -p**4/12 + 2*p**3/3 + 7*p**2/2 + 51*p + 33. Let t(o) be the first derivative of y(o). Calculate t(6).
-5
Let n(c) = 5*c**2 - 31*c + 10. Let y be n(6). Let t(w) = -17*w + 4*w - 9 - 12 + 8*w + y*w. Determine t(-17).
-4
Let f(l) = -173*l**2 + 42*l + 94. Let v(u) = 404*u**2 - 85*u - 190. Let g(p) = -7*f(p) - 3*v(p). Calculate g(-37).
-14
Let x be (-2)/9 + 0 + 40/18. Suppose -4*l - x + 58 = 0. Let h(p) = -l*p + p**2 + 25*p - 12*p + p**2. Calculate h(-1).
3
Let i(y) = -2*y**3 - 2*y**2 + y. Let d be i(-2). Suppose u = -u. Let k(f) = 3*f + 0*f - 2*f + u*f. Give k(d).
6
Let i(o) = -3*o**3 - 7*o**2 + 20*o + 8. Let k(w) = 4*w**3 + 8*w**2 - 29*w - 9. Let g(a) = -3*i(a) - 2*k(a). Calculate g(-4).
18
Let d(f) be the second derivative of -f**3/6 - 10*f**2 - 312*f + 4. Suppose -6*c + 4*c = 24. Calculate d(c).
-8
Let s be -5*(-1)/(-10) + 1/(-2). Let d be 6 + -10 + s*3. Let g(x) = 3*x + 3. Let z(h) = -13*h - 11. Let o(j) = -9*g(j) - 2*z(j). Determine o(d).
2
Let f(c) = 8*c - 2. Let j be f(25). Suppose b = 2*q + j, -4*b = q + 2*q + 319. Let v = q + 109. Let y(n) = -n**2 + 8*n. Determine y(v).
0
Let h(b) = 3279606 + 0*b**3 - 3279696 - 2*b**3 + 10*b**2 + 27*b. Determine h(6).
0
Let k(a) be the second derivative of a**5/20 + 11*a**4/12 - 2*a**3 + 2*a**2 - a. Suppose 130*p + 717*p + 10164 = 0. Determine k(p).
4
Let y be -9 - ((-810)/6)/9. Suppose 2335 = -y*h + 2329. Let i(v) be the first derivative of 3*v**2/2 - 1. Calculate i(h).
-3
Let f(s) = s**2 - 59*s - 66. Let d be f(60). Let n(j) be the second derivative of j**4/12 + 7*j**3/6 - 7*j**2/2 - 9*j. Give n(d).
-13
Let j(s) = s**2 + s + 6. Suppose -256 = i - 262. Let u be -1 + 1*(i - 5). What is j(u)?
6
Let t(o) = -4*o - 1. Let w(j) = 39*j - 31 - 230 + 19 - j**2. Let i be w(31). Calculate t(i).
-25
Let m = -39 - -39. Suppose m = 41*l - 38*l - 72. Let b = l + -26. Let d(v) = -v**3 - v**2 + v - 2. Determine d(b).
0
Let h(k) = k. Suppose 0 = -4*y - 264. Let g = 124 + y. Let m = g + -61. Determine h(m).
-3
Let c(s) = -s**3 - 20*s**2 + 301*s + 15. Let i be c(-30). Let f(n) = -n**3 - 15*n**2 + n + 22. Calculate f(i).
7
Let b(m) = 2*m**3 - 5*m**2 - 10*m - 4. Let j be b(4). Suppose s - j*l = -2*s + 1, -2*s - 5*l = 7. Let h(f) = 13*f**3 - f**2. Calculate h(s).
-14
Let q(f) = 6*f + 14. Let c(s) = 3*s + 6. Let n(y) = y**